{"id":71,"date":"2025-05-14T19:12:32","date_gmt":"2025-05-14T19:12:32","guid":{"rendered":"https:\/\/turmest.com\/?page_id=71"},"modified":"2025-05-15T10:47:18","modified_gmt":"2025-05-15T10:47:18","slug":"sirketin","status":"publish","type":"page","link":"https:\/\/turmest.com\/index.php\/sirketin\/","title":{"rendered":"\u015eirketin"},"content":{"rendered":"<p><img loading=\"lazy\" decoding=\"async\" class=\"alignnone size-large wp-image-72\" src=\"https:\/\/turmest.com\/wp-content\/uploads\/2025\/05\/frameworks_resize-1024x323.jpg\" alt=\"\" width=\"1024\" height=\"323\" srcset=\"https:\/\/turmest.com\/wp-content\/uploads\/2025\/05\/frameworks_resize-1024x323.jpg 1024w, https:\/\/turmest.com\/wp-content\/uploads\/2025\/05\/frameworks_resize-300x95.jpg 300w, https:\/\/turmest.com\/wp-content\/uploads\/2025\/05\/frameworks_resize-768x242.jpg 768w, https:\/\/turmest.com\/wp-content\/uploads\/2025\/05\/frameworks_resize-1536x484.jpg 1536w, https:\/\/turmest.com\/wp-content\/uploads\/2025\/05\/frameworks_resize.jpg 1920w\" sizes=\"auto, (max-width: 1024px) 100vw, 1024px\" \/>\u015eirketin in\u015faat i\u015fleri yapma yetkisi vard\u0131r. Hafif metal yap\u0131lar\u0131n montaj\u0131. Metal yap\u0131lar i\u00e7in temellerin haz\u0131rlanmas\u0131 Yap\u0131lar\u0131n ba\u011flant\u0131lar\u0131 kaynakl\u0131 ve di\u015fli olabilir. \u015eirket, uluslararas\u0131 i\u015f kalitesi standartlar\u0131na ve y\u00fcksek g\u00fcvenlik standartlar\u0131na g\u00f6re y\u00f6netilmektedir.\u00a0 \u015eirket, profesyonel seviyesini geli\u015ftirmeye ve s\u00fcrekli iyile\u015ftirmeye kendini adam\u0131\u015ft\u0131r<\/p>\n<p>\u015eirket, in\u015faat s\u00fcre\u00e7lerine dan\u0131\u015fmanl\u0131k deste\u011fi sa\u011flama yetkisine sahiptir. Gerekirse, dan\u0131\u015fmak i\u00e7in k\u0131demli uzmanlar\u0131 ve s\u00f6zle\u015fmeye dayal\u0131 ili\u015fkileri oldu\u011fu \u015firketleri dahil edebilir.<\/p>\n<p>Posta kutusu adresi : <a href=\"mailto:construction@turmest.com\">construction@turmest.com<\/a><\/p>\n<p><img loading=\"lazy\" decoding=\"async\" class=\"alignnone size-full wp-image-73\" src=\"https:\/\/turmest.com\/wp-content\/uploads\/2025\/05\/9f5cafd66e1ea2bc57645c36a2a5e37e.jpg\" alt=\"\" width=\"700\" height=\"467\" srcset=\"https:\/\/turmest.com\/wp-content\/uploads\/2025\/05\/9f5cafd66e1ea2bc57645c36a2a5e37e.jpg 700w, https:\/\/turmest.com\/wp-content\/uploads\/2025\/05\/9f5cafd66e1ea2bc57645c36a2a5e37e-300x200.jpg 300w\" sizes=\"auto, (max-width: 700px) 100vw, 700px\" \/><\/p>\n<p>\u015eirket, proje \u00e7al\u0131\u015fmalar\u0131n\u0131 ger\u00e7ekle\u015ftirme yetkisine sahiptir.<\/p>\n<p>Prefabrik metal yap\u0131lar i\u00e7in projeler geli\u015ftirilmektedir.<\/p>\n<p>\u0130n\u015faat projeleri \u00f6zellikle prefabrik hangarlar i\u00e7in,\u00a0g\u00fcne\u015f panelleri tutan yap\u0131lar, ayd\u0131nlatma armat\u00fcrleri i\u00e7in kafesler,\u00a0a\u011f\u0131r temeller gerektirmeyen end\u00fcstriyel tesisler.<\/p>\n<p>\u015eirket, \u00e7al\u0131\u015fmalar\u0131nda uluslararas\u0131 kalite ve standartlarina g\u00f6re y\u00f6netilmektedirkaliteler.<\/p>\n<p>\u015eirket, \u015fef kurulumunu ger\u00e7ekle\u015ftirme yetkisine sahiptir. Projeyi tamamlad\u0131ktan sonra \u015firket<\/p>\n<p>\u0130\u015fin ilerlemesini izlemek i\u00e7in uzman\u0131n\u0131 y\u00f6nlendirebilir projeye ve gerekli dan\u0131\u015fmanl\u0131k hizmetlerini ger\u00e7eklestirilmesi i\u00e7in.<\/p>\n<p>Posta :<a href=\"mailto:project@turmest.com\"> project@turmest.com<\/a><\/p>\n<p><img loading=\"lazy\" decoding=\"async\" class=\"alignnone size-full wp-image-90\" src=\"https:\/\/turmest.com\/wp-content\/uploads\/2025\/05\/\u0438\u0437\u043e\u0431\u0440\u0430\u0436\u0435\u043d\u0438\u0435_2025-05-15_134409133.png\" alt=\"\" width=\"575\" height=\"511\" srcset=\"https:\/\/turmest.com\/wp-content\/uploads\/2025\/05\/\u0438\u0437\u043e\u0431\u0440\u0430\u0436\u0435\u043d\u0438\u0435_2025-05-15_134409133.png 575w, https:\/\/turmest.com\/wp-content\/uploads\/2025\/05\/\u0438\u0437\u043e\u0431\u0440\u0430\u0436\u0435\u043d\u0438\u0435_2025-05-15_134409133-300x267.png 300w\" sizes=\"auto, (max-width: 575px) 100vw, 575px\" \/><\/p>\n<p>\u015eirket lisanslama alan\u0131nda uzmanl\u0131\u011fa sahiptir. Uzmanlar i\u00e7in e\u011fitim sa\u011flar. E\u011fitim ve \u00f6\u011fretim, nitelikli uzmanlar\u0131n kat\u0131l\u0131m\u0131yla saha seminerleri d\u00fczenleyerek ger\u00e7ekle\u015ftirilir. Dersler uluslararas\u0131 gerekliliklere uygun olarak d\u00fczenlenir.<\/p>\n","protected":false},"excerpt":{"rendered":"<p>\u015eirketin in\u015faat i\u015fleri yapma yetkisi vard\u0131r. Hafif metal yap\u0131lar\u0131n montaj\u0131. Metal yap\u0131lar i\u00e7in temellerin haz\u0131rlanmas\u0131 Yap\u0131lar\u0131n ba\u011flant\u0131lar\u0131 kaynakl\u0131 ve di\u015fli olabilir. \u015eirket, uluslararas\u0131 i\u015f kalitesi standartlar\u0131na ve y\u00fcksek g\u00fcvenlik standartlar\u0131na g\u00f6re y\u00f6netilmektedir.\u00a0 \u015eirket, profesyonel seviyesini geli\u015ftirmeye ve s\u00fcrekli iyile\u015ftirmeye kendini adam\u0131\u015ft\u0131r \u015eirket, in\u015faat s\u00fcre\u00e7lerine dan\u0131\u015fmanl\u0131k deste\u011fi sa\u011flama yetkisine sahiptir. Gerekirse, dan\u0131\u015fmak i\u00e7in k\u0131demli uzmanlar\u0131 ve [&hellip;]<\/p>\n","protected":false},"author":2,"featured_media":0,"parent":0,"menu_order":0,"comment_status":"closed","ping_status":"closed","template":"","meta":{"footnotes":""},"class_list":["post-71","page","type-page","status-publish","hentry"],"_links":{"self":[{"href":"https:\/\/turmest.com\/index.php\/wp-json\/wp\/v2\/pages\/71","targetHints":{"allow":["GET"]}}],"collection":[{"href":"https:\/\/turmest.com\/index.php\/wp-json\/wp\/v2\/pages"}],"about":[{"href":"https:\/\/turmest.com\/index.php\/wp-json\/wp\/v2\/types\/page"}],"author":[{"embeddable":true,"href":"https:\/\/turmest.com\/index.php\/wp-json\/wp\/v2\/users\/2"}],"replies":[{"embeddable":true,"href":"https:\/\/turmest.com\/index.php\/wp-json\/wp\/v2\/comments?post=71"}],"version-history":[{"count":3,"href":"https:\/\/turmest.com\/index.php\/wp-json\/wp\/v2\/pages\/71\/revisions"}],"predecessor-version":[{"id":91,"href":"https:\/\/turmest.com\/index.php\/wp-json\/wp\/v2\/pages\/71\/revisions\/91"}],"wp:attachment":[{"href":"https:\/\/turmest.com\/index.php\/wp-json\/wp\/v2\/media?parent=71"}],"curies":[{"name":"wp","href":"https:\/\/api.w.org\/{rel}","templated":true}]}}